(j) be the second derivative of j**5/20 + j**4/12 - j**3/3 + 6*j**2 + 131*j - 1. Calculate o(0).
12
Let x(f) be the second derivative of 0 - f**2 + 2/3*f**3 + 3*f. Calculate x(-2).
-10
Let c(g) be the first derivative of g**3/3 + 3*g**2/2 + g + 567. Let o(f) = f**3 - 4*f**2 - 5*f - 3. Let n be o(5). Determine c(n).
1
Suppose 0 = -4*p - 4*j + 16, 4*p + 2*j - 14 = 12. Let h be -9 + p - (-3 + 1). Let s(d) = 2 + 1 - 4*d**2 - d**2 + 3*d**h - 3*d. Determine s(-3).
-6
Let m(o) = -2*o - 5. Suppose 0 = 3*h - 29*h - 234. Calculate m(h).
13
Let c(m) = 12*m**2 + 9*m + 14. Let l(a) = 25*a**2 + 19*a + 30. Let r(x) = -13*c(x) + 6*l(x). Calculate r(-1).
-5
Let g(y) be the first derivative of 1/3*y**3 + 7/2*y**2 - 12 + 6*y. Calculate g(-4).
-6
Let m(g) = g**3 + 5*g**2 - 2*g + 7. Let a be 22/2 - (-28 - -24). Let w be (-2)/(2 - 4)*a. Suppose -3*s - 25 = v + s, -4*v + s = w. Calculate m(v).
17
Let q(w) = 8*w**2 - 4 + 5 + w**3 - 11*w + 88*w - 62*w. Calculate q(-5).
1
Let t(h) = -3*h + 6. Let p be t(10). Let n = -57 + 32. Let y = n - p. Let c(a) = -15*a. Give c(y).
15
Suppose 0*s = 3*s - 15. Let m be (5/(-3))/s*3. Let x(w) be the third derivative of w**5/60 + w**4/12 + w**3/6 - 2*w**2. Determine x(m).
0
Let c(v) = -49 + 9 + 12 + 11 + 16 + 7*v. Determine c(1).
6
Let w(r) be the third derivative of 0*r - 1/24*r**4 + 0 + 9*r**2 + 8/3*r**3. Give w(0).
16
Suppose -9*t + 24 + 111 = 0. Suppose -t*i = -11*i - 4. Let l(z) = -6*z**2 - z. Determine l(i).
-7
Let m(x) = 17*x + 8. Let c(p) be the first derivative of 3*p**2 + 3*p - 3. Let h(n) = 8*c(n) - 3*m(n). Let y be 0*3/12 - -2. Determine h(y).
-6
Let z be 1 + (3 - 0)/3. Let b(s) = 2*s**z + 4*s**3 + s - 6*s**3 - 1 + s + s**3. Let f be 2/8 + (-11)/(-4). Calculate b(f).
-4
Let k(n) = -n**3 - 8*n**2 - 17*n - 3. Let d be k(-5). Let x(l) = -2*l + 9. Give x(d).
-5
Let v = -34 + 1. Let j = -16 - v. Let t = 17 - j. Let z(o) = o**3 - o + 7. Determine z(t).
7
Let f be ((-51)/(-18) - 7) + 5. Let u(j) be the second derivative of 14*j - f*j**3 - 1/12*j**4 - 3/2*j**2 + 0. What is u(-6)?
-9
Let p(q) be the first derivative of q**4/24 - q**3/6 + 7*q**2 - 21. Let g(x) be the second derivative of p(x). Determine g(-4).
-5
Suppose 232 - 186 = -23*q. Let h(m) = 3*m + m**2 - 4*m - 2*m**2 + 2. Determine h(q).
0
Let k(u) be the third derivative of u**4/24 + 7*u**3/6 + 6*u**2. Let t(d) = -16 - 3*d + 19 + 4*d. Let s be t(-7). Calculate k(s).
3
Let c(g) = -2*g. Let m be 0 - (9 + -16)*(-2)/2. Let s(a) = -a - 6. Let x be s(m). Give c(x).
-2
Let x(m) be the second derivative of 0 + 0*m**4 + 0*m**2 - 1/6*m**3 + 1/5*m**5 - 7*m. What is x(1)?
3
Let b(w) = 5*w**3 + 24*w**2 - 18*w - 27. Let i(m) = -11*m**3 - 50*m**2 + 36*m + 55. Let d(z) = 9*b(z) + 4*i(z). Calculate d(-17).
-6
Let m = -8 + 7. Let y be m/((-6)/4)*3. Let h(b) = -19*b + 13*b + 11*b - 3. Give h(y).
7
Let f(b) = b - 15. Let y be -1*((-117)/(-26))/(1/(-2)). What is f(y)?
-6
Let h be ((-4)/5)/((-6)/45). Let u(z) be the second derivative of z**5/20 - 5*z**4/12 - 3*z**3/2 + 3*z**2 + z - 71. Determine u(h).
-12
Let l(h) = -h**3 + h**2 + 26*h - 46. Let y be l(2). Let c(w) be the first derivative of -w + 4/3*w**3 - 2 + 1/4*w**4 + 1/2*w**y. What is c(-2)?
5
Suppose -5*f + f = 5*w + 23, 4*f - 4 = 4*w. Let x(u) = -1. Let i(v) be the first derivative of -v**2/2 - v - 6. Let r(d) = i(d) + x(d). What is r(f)?
0
Let a(o) = o**2 - 7*o - 1. Suppose -3 = 3*d + 3*u, 3*d - 15 = 3*u - 0. Suppose 4*h + z = -h + 42, -10 = -d*h + 3*z. Determine a(h).
7
Let f(z) be the second derivative of -z**3/2 + z**2/2 + 45*z. Suppose 5*s + 15 = 45. Let c be s*-1*(-2)/4. Give f(c).
-8
Let j(r) = r**3 + 3*r**2 + 3*r. Suppose -6 = s - 2. Let z be (-3 + -4 - s)/1. Determine j(z).
-9
Let x(l) = -15*l + 17*l + 3*l**2 + 0*l**3 - 1430 + 1425 - l**3. Calculate x(3).
1
Let m(t) = -3*t + 37. Let r be m(12). Let j(n) = -n**2 - n. Determine j(r).
-2
Let y(r) = -r - 3. Let g be ((-12)/(-24))/(1/10). Let u(m) = -13 - 6*m**2 + 0*m - 10*m + g*m**2. Let v be u(-9). Calculate y(v).
1
Let o(g) = -7*g - 8. Let z(b) = 3*b + 3. Let i(s) = 3*o(s) + 8*z(s). Determine i(3).
9
Let c(p) be the first derivative of -p**4/4 + 2*p**3/3 - p - 38. Let q be (-1)/3*(-4 + 1). Let v be q/(1*-2 - -3). What is c(v)?
0
Let h(a) = 3*a + 164. Let g be h(0). Let m = g - 164. Let i(l) = 1. Let u(q) = -q - 7. Let c(d) = 5*i(d) + u(d). Give c(m).
-2
Let t(s) = s**3 - s - 1. Let p(z) = -2*z**3 - 9*z**2 + 2*z + 8. Let f(b) = p(b) + 3*t(b). Let v be f(9). Let h(j) = 2*j**2 + 5*j. What is h(v)?
12
Let u(q) = q**3 + 19*q**2 + 18*q + 7. Let p be u(-18). Let d(t) = 188 - 96 - t**2 - 91 + 7*t. Calculate d(p).
1
Let r = 37 - 53. Let n = r + 17. Let s(d) = -d - 2*d + 6*d - d + n. Give s(-7).
-13
Let b(j) = 0*j - 5*j + 2*j**2 + 3058 - 3056 + j**2. What is b(3)?
14
Let c be 8/(-20)*(-10)/4. Let s(g) = 22*g**2 - 15*g**2 - 2*g + 5 - g**2 - 4. Determine s(c).
5
Let s = 2321 - 2324. Let i(t) = t + 3*t + 1 + 0*t. Determine i(s).
-11
Let r(g) = 5 + g**2 - 9 + 0*g - 2*g**2 - 10*g. Give r(-8).
12
Suppose -5879*v + 5871*v = 56. Let q(y) be the second derivative of y**3/6 + 5*y**2/2 + y. Determine q(v).
-2
Suppose 4*n + 0*n = 5*t + 15, 5*n = -t + 26. Let r(b) = -b**3 - 5*b**2 - 4*b + 5. Let i(y) = y**2 + y - 1. Let u(v) = -5*i(v) - r(v). Calculate u(t).
0
Let x = 561 - 2243/4. Let v(m) be the first derivative of 5*m - x*m**4 - 5/3*m**3 + 1/2*m**2 - 3. What is v(-5)?
0
Let m(p) be the second derivative of 0 + 1/6*p**3 + 2*p**2 - p + 1/12*p**4. Let g(r) = -6*r**2 - 77*r + 13. Let l be g(-13). What is m(l)?
4
Let a(z) be the second derivative of -11/20*z**5 - 1/6*z**3 + 1/12*z**4 + 0 + 1/2*z**2 + 3*z. Let u be ((-3)/12)/(5/(-20)). Calculate a(u).
-10
Suppose 3*i + i + 8 = 4*b, i = 4*b - 17. Let n(y) = 5*y + 6. Let h be 2/2 - (-4 - 2). Let t(q) = -2*q - 3. Let g(f) = h*t(f) + i*n(f). Calculate g(3).
0
Let y(z) = 2*z**2. Suppose -4*w + 5*r = -32, 5*r = -w - 4*w + 85. Suppose 6*a + w = 1. What is y(a)?
8
Let z(c) be the first derivative of c**4/4 - 3*c**3 - 9*c**2/2 - 9*c - 211. Calculate z(10).
1
Suppose -6*r - 20 = 4*r. Let l(x) = -2*x**3 - 4*x**2 + 4*x - 7. Let q(v) = v**3 + 2*v**2 - 2*v + 4. Let m(d) = -6*l(d) - 11*q(d). What is m(r)?
2
Let n(w) be the third derivative of w**6/120 + w**5/15 + w**4/12 - w**3/6 + 30*w**2. Suppose 5 = -2*s + 15. Suppose -s*x = 8 + 7. Give n(x).
2
Let q(k) be the second derivative of 0 + k**2 + 1/3*k**3 - 48*k. Determine q(5).
12
Let t(s) = -6 - 11 - 97*s + 96*s. Give t(-12).
-5
Let r(z) = 7 + 7*z - 7*z - 8 + z**3 - z**2. Let j(h) = 7*h**3 - 6*h**2 - 2*h - 6. Let m(k) = -j(k) + 6*r(k). Give m(2).
-4
Let q(g) = -3 + 3*g**2 + 0*g**2 - 2*g**2 + 12*g - 8*g. Let m be q(-3). Let j(l) = l**2 + 2*l - 5. Determine j(m).
19
Let b(r) = -5*r**3 - 2*r**2 + 12. Let l(t) = 9*t**3 + 5*t**2 - 23. Let m(j) = -11*b(j) - 6*l(j). Let n be m(8). Let q(o) = -o**2 + 9*o - 7. Calculate q(n).
11
Let a(o) = -8*o**2 - 7*o. Let z(t) = t**2 - 4*t. Let l(v) = a(v) - 2*z(v). Calculate l(-1).
-11
Let y(s) = s**2 + s + 32. Let g be y(0). Suppose 0 = 2*d - 0*d + g. Let f be (-34)/8 - 4/d. Let h(z) = z**2 + 5*z + 1. Determine h(f).
-3
Let t(i) be the third derivative of 0*i**3 + 14*i**2 + 0*i - 1/24*i**4 - 1/60*i**5 + 0. Determine t(-3).
-6
Let x = -40 - -42. Suppose 4*c - 2*q + 1 + 1 = 0, 6 = x*q. Let s(y) = 19*y. What is s(c)?
19
Let m(n) = -3*n**3 + 2*n**2 + 2*n + 1. Suppose -2*x = -5*g - 4*x + 5, -g - 4*x = -19. Calculate m(g).
4
Suppose -f + k = 3*f - 14, -2*f = 5*k + 4. Let l(h) = -f*h - 2 - 11 + 9. Calculate l(-5).
11
Let v(i) be the first derivative of -2*i**2 - 6*i - 9. Give v(-4).
10
Suppose -3*k - 11 = 10. Let o(b) = 5*b**2 - 3*b - 14. Let n(a) = -a**2 - a + 1. Let q(y) = 6*n(y) + o(y). What is q(k)?
6
Let q = 43 - 40. Suppose -4*h + q*h = 4. Let r(u) = -u**2 - u - 2. Calculate r(h).
-14
Let s(p) = 0*p**2 + 2*p**2 - 3*p**2 + 3 + 5*p. Suppose -6*z + 9 + 3 = 0. Suppose -4 = -2*g - c + 11, z*g = c + 9. Calculate s(g).
-3
Suppose 5*x - 4*z - 45 = -9*z, 0 = z. Let o(n) = -n + 13. Let u be o(x). Let w(l) = -2*l - 15*l**2 + 16*l**2 + l - 4. What is w(u)?
8
Let d(u) be the first derivative of -23*u**3/6 - u**2/2 + 49*u + 10. Let i(h) be the first derivative of d(h). Give i(1).
-24
Let j(x) = 3*x + 3*x**2 + x**2 + 9*x**2 - 2 - 4*x**2. Let d be j(2). Let u(n) = -40*n**2 + d*n**2 - n**3 + 2*n + 1. What